te the remainder when 274 is divided by 11.
10
Calculate the remainder when 1611 is divided by 6.
3
Calculate the remainder when 29 is divided by 21.
8
What is the remainder when 210 is divided by 53?
51
Calculate the remainder when 596 is divided by 292.
12
What is the remainder when 162 is divided by 85?
77
Calculate the remainder when 248 is divided by 114.
20
Calculate the remainder when 5304 is divided by 63.
12
What is the remainder when 68 is divided by 1?
0
What is the remainder when 841 is divided by 4?
1
What is the remainder when 66 is divided by 37?
29
What is the remainder when 151 is divided by 151?
0
What is the remainder when 3303 is divided by 114?
111
What is the remainder when 34000 is divided by 37?
34
Calculate the remainder when 57 is divided by 21.
15
What is the remainder when 863 is divided by 125?
113
What is the remainder when 234 is divided by 34?
30
What is the remainder when 175 is divided by 46?
37
Calculate the remainder when 34 is divided by 2.
0
What is the remainder when 4558 is divided by 1133?
26
Calculate the remainder when 19 is divided by 1.
0
What is the remainder when 40 is divided by 32?
8
What is the remainder when 142 is divided by 11?
10
What is the remainder when 467 is divided by 3?
2
Calculate the remainder when 62 is divided by 35.
27
Calculate the remainder when 34 is divided by 17.
0
Calculate the remainder when 3099 is divided by 20.
19
Calculate the remainder when 3026 is divided by 1508.
10
What is the remainder when 1395 is divided by 50?
45
Calculate the remainder when 6118 is divided by 90.
88
Calculate the remainder when 81 is divided by 38.
5
What is the remainder when 3352 is divided by 837?
4
Calculate the remainder when 180 is divided by 54.
18
What is the remainder when 67 is divided by 9?
4
What is the remainder when 700 is divided by 39?
37
Calculate the remainder when 69 is divided by 15.
9
Calculate the remainder when 209 is divided by 49.
13
Calculate the remainder when 165 is divided by 84.
81
What is the remainder when 77 is divided by 36?
5
What is the remainder when 523 is divided by 105?
103
What is the remainder when 6680 is divided by 98?
16
What is the remainder when 3163 is divided by 23?
12
What is the remainder when 301 is divided by 47?
19
Calculate the remainder when 825 is divided by 96.
57
What is the remainder when 538 is divided by 81?
52
What is the remainder when 107 is divided by 96?
11
Calculate the remainder when 216 is divided by 176.
40
Calculate the remainder when 20 is divided by 12.
8
What is the remainder when 1827 is divided by 84?
63
What is the remainder when 427 is divided by 33?
31
What is the remainder when 2623 is divided by 82?
81
What is the remainder when 25568 is divided by 9?
8
Calculate the remainder when 932 is divided by 18.
14
What is the remainder when 218 is divided by 69?
11
Calculate the remainder when 17 is divided by 2.
1
What is the remainder when 212 is divided by 46?
28
Calculate the remainder when 846 is divided by 68.
30
Calculate the remainder when 126 is divided by 2.
0
Calculate the remainder when 410 is divided by 55.
25
What is the remainder when 197 is divided by 17?
10
Calculate the remainder when 153 is divided by 9.
0
What is the remainder when 149 is divided by 83?
66
Calculate the remainder when 1458 is divided by 29.
8
What is the remainder when 745 is divided by 92?
9
Calculate the remainder when 5593 is divided by 621.
4
What is the remainder when 15227 is divided by 188?
187
What is the remainder when 731 is divided by 364?
3
What is the remainder when 265 is divided by 38?
37
Calculate the remainder when 356 is divided by 32.
4
What is the remainder when 499 is divided by 80?
19
What is the remainder when 2255 is divided by 117?
32
Calculate the remainder when 72 is divided by 28.
16
What is the remainder when 2742 is divided by 14?
12
What is the remainder when 89 is divided by 25?
14
Calculate the remainder when 224 is divided by 18.
8
Calculate the remainder when 3487 is divided by 36.
31
What is the remainder when 345 is divided by 88?
81
What is the remainder when 2023 is divided by 88?
87
What is the remainder when 136 is divided by 8?
0
What is the remainder when 1051 is divided by 22?
17
What is the remainder when 645 is divided by 165?
150
What is the remainder when 31 is divided by 8?
7
What is the remainder when 319 is divided by 40?
39
Calculate the remainder when 949 is divided by 8.
5
What is the remainder when 272 is divided by 69?
65
What is the remainder when 13753 is divided by 362?
359
What is the remainder when 487 is divided by 10?
7
What is the remainder when 61 is divided by 13?
9
What is the remainder when 636 is divided by 406?
230
Calculate the remainder when 123 is divided by 42.
39
What is the remainder when 35708 is divided by 72?
68
Calculate the remainder when 216 is divided by 55.
51
What is the remainder when 147 is divided by 76?
71
Calculate the remainder when 55 is divided by 31.
24
Calculate the remainder when 95 is divided by 36.
23
Calculate the remainder when 554 is divided by 106.
24
What is the remainder when 1806 is divided by 27?
24
Calculate the remainder when 1592 is divided by 38.
34
What is the remainder when 466 is divided by 145?
31
What is the remainder when 684 is divided by 74?
18
Calculate the remainder when 212 is divided by 27.
23
Calculate the remainder when 218 is divided by 37.
33
Calculate the remainder when 19 is divided by 15.
4
Calculate the remainder when 155 is divided by 40.
35
Calculate the remainder when 316 is divided by 18.
10
What is the remainder when 298 is divided by 181?
117
Calculate the remainder when 4218 is divided by 702.
6
What is the remainder when 421 is divided by 124?
49
Calculate the remainder when 693 is divided by 118.
103
Calculate the remainder when 2114 is divided by 36.
26
What is the remainder when 9 is divided by 4?
1
Calculate the remainder when 381 is divided by 48.
45
What is the remainder when 719 is divided by 45?
44
What is the remainder when 2195 is divided by 18?
17
What is the remainder when 719 is divided by 18?
17
Calculate the remainder when 82 is divided by 9.
1
What is the remainder when 410 is divided by 49?
18
What is the remainder when 81 is divided by 21?
18
Calculate the remainder when 44 is divided by 13.
5
What is the remainder when 34685 is divided by 141?
140
What is the remainder when 2249 is divided by 23?
18
Calculate the remainder when 125 is divided by 32.
29
What is the remainder when 1053 is divided by 1042?
11
Calculate the remainder when 244 is divided by 120.
4
What is the remainder when 435 is divided by 74?
65
What is the remainder when 426 is divided by 18?
12
What is the remainder when 114 is divided by 45?
24
Calculate the remainder when 237 is divided by 16.
13
What is the remainder when 463 is divided by 59?
50
What is the remainder when 265 is divided by 19?
18
Calculate the remainder when 240 is divided by 63.
51
Calculate the remainder when 146 is divided by 96.
50
Calculate the remainder when 33 is divided by 13.
7
What is the remainder when 244 is divided by 77?
13
What is the remainder when 199 is divided by 179?
20
What is the remainder when 882 is divided by 68?
66
What is the remainder when 534 is divided by 136?
126
What is the remainder when 244 is divided by 218?
26
Calculate the remainder when 226 is divided by 13.
5
What is the remainder when 1025 is divided by 987?
38
Calculate the remainder when 2125 is divided by 28.
25
What is the remainder when 519 is divided by 52?
51
Calculate the remainder when 6097 is divided by 61.
58
What is the remainder when 614 is divided by 41?
40
What is the remainder when 215 is divided by 80?
55
What is the remainder when 471 is divided by 44?
31
What is the remainder when 39 is divided by 9?
3
Calculate the remainder when 104 is divided by 30.
14
What is the remainder when 111 is divided by 13?
7
What is the remainder when 1937 is divided by 322?
5
Calculate the remainder when 2148 is divided by 112.
20
Calculate the remainder when 31 is divided by 7.
3
What is the remainder when 2292 is divided by 65?
17
Calculate the remainder when 278 is divided by 28.
26
Calculate the remainder when 1609 is divided by 66.
25
What is 